on factor of 17 and 731?
17
Calculate the greatest common divisor of 335 and 201.
67
What is the greatest common factor of 4802 and 56?
14
Calculate the greatest common factor of 287 and 7.
7
What is the highest common divisor of 520 and 26?
26
Calculate the highest common factor of 11 and 737.
11
What is the highest common divisor of 206 and 1133?
103
What is the highest common factor of 378 and 486?
54
What is the highest common factor of 44 and 33?
11
What is the greatest common factor of 12 and 9936?
12
What is the highest common factor of 36 and 32?
4
What is the highest common factor of 32790 and 30?
30
What is the greatest common factor of 40 and 152?
8
What is the greatest common divisor of 513 and 209?
19
What is the highest common divisor of 176 and 341?
11
Calculate the greatest common factor of 1064 and 224.
56
Calculate the greatest common factor of 540 and 3348.
108
What is the highest common divisor of 34 and 527?
17
Calculate the highest common factor of 2 and 29.
1
Calculate the greatest common divisor of 1168 and 16.
16
Calculate the greatest common divisor of 14 and 29246.
14
Calculate the greatest common factor of 344 and 1247.
43
Calculate the highest common factor of 216 and 27.
27
Calculate the greatest common factor of 55 and 913.
11
What is the greatest common factor of 4 and 1?
1
What is the greatest common divisor of 392 and 147?
49
Calculate the greatest common factor of 1376 and 215.
43
Calculate the highest common divisor of 94 and 3337.
47
What is the greatest common factor of 77 and 319?
11
What is the greatest common divisor of 392 and 336?
56
What is the greatest common factor of 6 and 9?
3
What is the highest common factor of 40 and 280?
40
What is the greatest common divisor of 5103 and 21?
21
Calculate the greatest common divisor of 12 and 972.
12
Calculate the greatest common divisor of 76 and 57.
19
What is the greatest common factor of 156 and 48?
12
What is the highest common factor of 2178 and 11253?
363
Calculate the highest common factor of 3 and 1851.
3
What is the highest common divisor of 48524 and 56?
28
What is the greatest common divisor of 100 and 800?
100
What is the greatest common divisor of 14 and 2282?
14
What is the greatest common factor of 180 and 828?
36
What is the highest common factor of 31 and 434?
31
What is the highest common factor of 589 and 62?
31
What is the highest common divisor of 3150 and 504?
126
Calculate the greatest common divisor of 265 and 3021.
53
Calculate the greatest common divisor of 225 and 1053.
9
Calculate the greatest common divisor of 17960 and 10.
10
Calculate the greatest common divisor of 100 and 1725.
25
What is the highest common divisor of 320 and 35?
5
Calculate the greatest common factor of 637 and 91.
91
What is the greatest common factor of 175 and 225?
25
Calculate the highest common divisor of 416 and 65.
13
Calculate the greatest common factor of 57 and 141.
3
Calculate the highest common factor of 1292 and 28.
4
What is the highest common factor of 43639 and 151?
151
What is the highest common factor of 249 and 83?
83
Calculate the greatest common divisor of 411 and 1781.
137
Calculate the highest common divisor of 48 and 144.
48
Calculate the greatest common factor of 28 and 175.
7
Calculate the greatest common divisor of 56 and 14.
14
Calculate the highest common factor of 5341 and 49.
49
Calculate the greatest common divisor of 300 and 10050.
150
Calculate the greatest common divisor of 14 and 1946.
14
What is the greatest common factor of 1251 and 278?
139
Calculate the greatest common factor of 12 and 2616.
12
What is the highest common divisor of 252 and 261?
9
Calculate the greatest common divisor of 3897 and 2165.
433
What is the highest common divisor of 14 and 42?
14
Calculate the highest common divisor of 46 and 8.
2
Calculate the highest common divisor of 132 and 55.
11
What is the highest common factor of 390 and 3250?
130
Calculate the greatest common divisor of 18 and 4833.
9
What is the greatest common divisor of 231 and 66?
33
Calculate the highest common factor of 80 and 368.
16
Calculate the highest common factor of 14175 and 135.
135
Calculate the highest common divisor of 217 and 10447.
31
Calculate the highest common factor of 1015 and 140.
35
What is the highest common factor of 276 and 460?
92
Calculate the greatest common divisor of 1375 and 33.
11
Calculate the highest common divisor of 162 and 15.
3
Calculate the highest common divisor of 364 and 56.
28
Calculate the greatest common factor of 14 and 119.
7
What is the greatest common factor of 1048 and 8?
8
What is the highest common divisor of 170 and 70?
10
What is the highest common divisor of 35 and 245?
35
What is the highest common divisor of 126 and 210?
42
What is the greatest common factor of 160 and 100?
20
What is the greatest common divisor of 22 and 1562?
22
What is the greatest common factor of 6928 and 8?
8
Calculate the highest common divisor of 465 and 186.
93
Calculate the greatest common divisor of 10 and 790.
10
Calculate the greatest common divisor of 202 and 5858.
202
What is the greatest common factor of 2 and 26?
2
What is the greatest common divisor of 88 and 64?
8
Calculate the highest common factor of 72 and 9936.
72
What is the greatest common divisor of 12 and 2764?
4
What is the greatest common factor of 92 and 23?
23
Calculate the greatest common factor of 105 and 195.
15
What is the highest common divisor of 341 and 31?
31
What is the highest common factor of 351 and 108?
27
Calculate the highest common factor of 480 and 48.
48
What is the greatest common factor of 2914 and 186?
62
Calculate the highest common divisor of 3149 and 47.
47
Calculate the greatest common divisor of 9652 and 228.
76
Calculate the highest common divisor of 8 and 184.
8
Calculate the greatest common divisor of 530 and 310.
10
Calculate the greatest common factor of 96 and 55392.
96
What is the highest common divisor of 21 and 301?
7
Calculate the greatest common factor of 26273 and 94.
47
What is the highest common factor of 570 and 2375?
95
Calculate the highest common factor of 154 and 220.
22
Calculate the greatest common factor of 32 and 232.
8
What is the highest common divisor of 2 and 20?
2
What is the greatest common divisor of 52 and 1703?
13
Calculate the greatest common factor of 3380 and 20.
20
Calculate the greatest common factor of 54 and 2646.
54
Calculate the greatest common divisor of 26 and 507.
13
Calculate the highest common divisor of 1595 and 495.
55
What is the highest common factor of 46 and 391?
23
Calculate the highest common factor of 7 and 644.
7
Calculate the highest common factor of 12 and 392.
4
What is the highest common factor of 68 and 1088?
68
Calculate the greatest common divisor of 3 and 39.
3
Calculate the highest common divisor of 132 and 352.
44
Calculate the highest common divisor of 81 and 270.
27
What is the greatest common divisor of 10 and 230?
10
What is the highest common divisor of 150 and 950?
50
Calculate the highest common factor of 28 and 476.
28
What is the greatest common factor of 36 and 63?
9
What is the highest common divisor of 650 and 100?
50
What is the greatest common divisor of 195 and 27105?
195
Calculate the highest common factor of 4367 and 121.
11
Calculate the highest common divisor of 130 and 429.
13
What is the highest common divisor of 4194 and 36?
18
Calculate the greatest common factor of 19422 and 18.
18
What is the highest common divisor of 13 and 4979?
13
What is the highest common factor of 27 and 8451?
27
What is the highest common divisor of 5 and 14845?
5
Calculate the greatest common divisor of 21353 and 655.
131
Calculate the highest common divisor of 184 and 299.
23
Calculate the greatest common divisor of 6 and 10.
2
What is the greatest common divisor of 1203 and 3?
3
Calculate the greatest common factor of 153 and 17.
17
Calculate the greatest common divisor of 888 and 16.
8
Calculate the highest common divisor of 8 and 26.
2
What is the highest common divisor of 51 and 1173?
51
Calculate the greatest common factor of 65416 and 17.
17
Calculate the highest common divisor of 296 and 1628.
148
What is the greatest common factor of 54 and 1161?
27
Calculate the highest com